{"id":5161,"date":"2024-12-16T18:00:10","date_gmt":"2024-12-16T15:00:10","guid":{"rendered":"https:\/\/elika.app\/hamile-kadin-bebek\/?page_id=5161"},"modified":"2024-12-16T18:00:43","modified_gmt":"2024-12-16T15:00:43","slug":"hamilelik-doneminde-bebek-icin-okunabilecek-dualar","status":"publish","type":"page","link":"https:\/\/elika.app\/hamile-kadin-bebek\/hamilelik-doneminde-bebek-icin-okunabilecek-dualar\/","title":{"rendered":"HAM\u0130LEL\u0130K D\u00d6NEM\u0130NDE BEBEK \u0130\u00c7\u0130N OKUNAB\u0130LECEK DUALAR"},"content":{"rendered":"\n<figure class=\"wp-block-image size-full\"><img decoding=\"async\" width=\"742\" height=\"411\" src=\"https:\/\/elika.app\/hamile-kadin-bebek\/wp-content\/uploads\/2024\/12\/Screenshot_83.jpg\" alt=\"\" class=\"wp-image-5174\" srcset=\"https:\/\/elika.app\/hamile-kadin-bebek\/wp-content\/uploads\/2024\/12\/Screenshot_83.jpg 742w, https:\/\/elika.app\/hamile-kadin-bebek\/wp-content\/uploads\/2024\/12\/Screenshot_83-300x166.jpg 300w\" sizes=\"(max-width: 742px) 100vw, 742px\" \/><\/figure>\n\n\n\n<p>Rivayetlere g\u00f6re, 70 bin\u00a0<strong>\u201cSubhanellahi ve bihamdihi&#8221;\u00a0<\/strong>okunursa \u00e7ocuk salih olur, ilk d\u00f6rt ay i\u00e7inde okunmas\u0131 tavsiye edilir. Araf suresinin 189. ayeti farz namazlardan sonra okunabilir. G\u00fczel ahlakl\u0131 olmas\u0131 i\u00e7in her g\u00fcn\u00a0<strong>Enbiya suresi<\/strong>\u00a0okunabilir. Yine hay\u0131rl\u0131 bir evlat i\u00e7in g\u00fcnde 1 defa Yasin-i \u015ferif okunabilir. G\u00fcnl\u00fck olarak\u00a0<strong>1 defa Meryem, \u0130brahim ve Al-i \u0130mran suresi<\/strong>\u00a0okunabilir. Ayr\u0131ca tesbih olarak 70 bin\u00a0<strong>kelime-i tevhid<\/strong>\u00a0okunabilir.<\/p>\n\n\n\n<h1 class=\"wp-block-heading\">Enbiya Suresi<\/h1>\n\n\n\n<p><strong>Enbiya Suresi Dinle<\/strong><\/p>\n\n\n\n<figure class=\"wp-block-audio\"><audio controls src=\"https:\/\/elika.app\/hamile-kadin-bebek\/wp-content\/uploads\/2024\/12\/021Enbiya.mp3\"><\/audio><\/figure>\n\n\n\n<p><strong>Enbiya Suresi<\/strong>, Mekke d\u00f6neminde inmi\u015ftir. 112 \u00e2yettir. \u201cEnbiy\u00e2\u201d, peygamberler demektir.S\u00fbre, temel konu olarak peygamberlerden, onlar\u0131n tevhit davas\u0131 u\u011frunda verdikleri m\u00fccadelelerden bahsetti\u011fi i\u00e7in bu ad\u0131 alm\u0131\u015ft\u0131r<\/p>\n\n\n\n<figure class=\"wp-block-image size-full\"><img decoding=\"async\" width=\"998\" height=\"481\" src=\"https:\/\/elika.app\/hamile-kadin-bebek\/wp-content\/uploads\/2024\/12\/Enbiya-Suresi-arapca.png\" alt=\"\" class=\"wp-image-5162\" srcset=\"https:\/\/elika.app\/hamile-kadin-bebek\/wp-content\/uploads\/2024\/12\/Enbiya-Suresi-arapca.png 998w, https:\/\/elika.app\/hamile-kadin-bebek\/wp-content\/uploads\/2024\/12\/Enbiya-Suresi-arapca-300x145.png 300w, https:\/\/elika.app\/hamile-kadin-bebek\/wp-content\/uploads\/2024\/12\/Enbiya-Suresi-arapca-768x370.png 768w\" sizes=\"(max-width: 998px) 100vw, 998px\" \/><\/figure>\n\n\n\n<ol class=\"wp-block-list\">\n<li>Ikterebe lin nasi hisabuhum ve hum fi gafletin mu\u2019ridun.<\/li>\n\n\n\n<li>Ma ye\u2019tihim min zikrin min rabbihim muhdesin illestemeuhu ve hum yel\u2019abun.<\/li>\n\n\n\n<li>Lahiyeten kulubuhum ve eserrun necvellezine zalemu hel haza illa be\u015ferun mislukum, e fe te\u2019tunes sihre ve entum tubs\u0131run.<\/li>\n\n\n\n<li>Kale rabbi ya\u2019lemul kavle fis semai vel ard\u0131 ve huves semiul alim.<\/li>\n\n\n\n<li>Bel kalu adgasu ahlamin belifterahu bel huve \u015fa\u0131r, fel ye\u2019tina bi ayetin kema ursilel evvelun.<\/li>\n\n\n\n<li>Ma amenet kablehum min karyetin ehleknaha, e fe hum yu\u2019minun.<\/li>\n\n\n\n<li>Ve ma erselna kableke illa ricalen nuhi ileyhim fes\u2019elu ehlez zikri in kuntum la ta\u2019lemun.<\/li>\n\n\n\n<li>Ve ma cealnahum ceseden la ye\u2019kulunet taame ve ma kanu halidin.<\/li>\n\n\n\n<li>Summe sadaknahumul va\u2019de fe enceynahum ve men ne\u015fau ve ehleknel musrifin.<\/li>\n\n\n\n<li>Lekad enzelna ileykum kitaben fihi zikrukum, e fe la ta\u2019k\u0131lun.<\/li>\n<\/ol>\n\n\n\n<figure class=\"wp-block-image size-full\"><img decoding=\"async\" width=\"998\" height=\"548\" src=\"https:\/\/elika.app\/hamile-kadin-bebek\/wp-content\/uploads\/2024\/12\/Enbiya-Suresi2.png\" alt=\"\" class=\"wp-image-5163\" srcset=\"https:\/\/elika.app\/hamile-kadin-bebek\/wp-content\/uploads\/2024\/12\/Enbiya-Suresi2.png 998w, https:\/\/elika.app\/hamile-kadin-bebek\/wp-content\/uploads\/2024\/12\/Enbiya-Suresi2-300x165.png 300w, https:\/\/elika.app\/hamile-kadin-bebek\/wp-content\/uploads\/2024\/12\/Enbiya-Suresi2-768x422.png 768w\" sizes=\"(max-width: 998px) 100vw, 998px\" \/><\/figure>\n\n\n\n<ol class=\"wp-block-list\">\n<li>Ve kem kasamna min karyetin kanet zalimeten ve en\u015fe\u2019na ba\u2019deha kavmen aharin.<\/li>\n\n\n\n<li>Fe lemma ehassu be\u2019sena iza hum minha yerkudun.<\/li>\n\n\n\n<li>La terkudu verciu ila ma utriftum fihi ve mesakinikum leallekum tus\u2019elun.<\/li>\n\n\n\n<li>Kalu ya veylena inna kunna zalimin.<\/li>\n\n\n\n<li>Fe ma zalet tilke da\u2019vahum hatta cealnahum hasiden hamidin.<\/li>\n\n\n\n<li>Ve ma halaknes semae vel arda ve ma beynehuma la\u0131bin.<\/li>\n\n\n\n<li>Lev eredna en netteh\u0131ze lehven lettehaznahu min ledunna in kunna fa\u2019\u0131lin.<\/li>\n\n\n\n<li>Bel nakzifu bil hakk\u0131 alel bat\u0131li fe yedmeguhu fe iza huve zahik, ve lekumul veylu mimma tas\u0131fun.<\/li>\n\n\n\n<li>Ve lehu men fis semavati vel ard, ve men indehu la yestekbirune an \u0131badetihi ve la yestahsirun.<\/li>\n\n\n\n<li>Yusebbihunel leyle ven nehare la yefturun.<\/li>\n\n\n\n<li>Emittehazu aliheten minel ard\u0131 hum yun\u015firun.<\/li>\n\n\n\n<li>Lev kane fihima alihetun illallahu le fesedeta, fe subhanallahi rabbil ar\u015fi amma yas\u0131fun.<\/li>\n\n\n\n<li>La yus\u2019elu amma yef\u2019alu ve hum yus\u2019elun.<\/li>\n\n\n\n<li>Emittehazu min dunihi aliheh, kul hatu burhanekum, haza zikru men maiye ve zikru men kabli, bel ekseruhum la ya\u2019lemunel hakka fehum mu\u2019ridun.<\/li>\n<\/ol>\n\n\n\n<figure class=\"wp-block-image size-full\"><img decoding=\"async\" width=\"994\" height=\"485\" src=\"https:\/\/elika.app\/hamile-kadin-bebek\/wp-content\/uploads\/2024\/12\/Enbiya-Suresi3.png\" alt=\"\" class=\"wp-image-5164\" srcset=\"https:\/\/elika.app\/hamile-kadin-bebek\/wp-content\/uploads\/2024\/12\/Enbiya-Suresi3.png 994w, https:\/\/elika.app\/hamile-kadin-bebek\/wp-content\/uploads\/2024\/12\/Enbiya-Suresi3-300x146.png 300w, https:\/\/elika.app\/hamile-kadin-bebek\/wp-content\/uploads\/2024\/12\/Enbiya-Suresi3-768x375.png 768w\" sizes=\"(max-width: 994px) 100vw, 994px\" \/><\/figure>\n\n\n\n<ol class=\"wp-block-list\">\n<li>Ve ma erselna min kablike min resulin illa nuhi ileyhi ennehu la ilahe illa ene fa\u2019budun.<\/li>\n\n\n\n<li>Ve kaluttehazer rahmanu veleden subhaneh, bel \u0131badun mukremun.<\/li>\n\n\n\n<li>La yesbikunehu bil kavli ve hum bi emrihi ya\u2019melun.<\/li>\n\n\n\n<li>Ya\u2019lemu ma beyne eydihim ve ma halfehum ve la ye\u015ffeune illa li menirteda ve hum min ha\u015fyetihi mu\u015ffikun.<\/li>\n\n\n\n<li>Ve men yekul minhum inni ilahun min dunihi fe zalike neczihi cehennem, kezalike necziz zalimin.<\/li>\n\n\n\n<li>E ve lem yerellezine keferu ennes semavati vel arda kaneta retkan fe fetaknahuma, ve cealna minel mai kulle \u015fey\u2019in hayy, e fe la yu\u2019minun.<\/li>\n\n\n\n<li>Ve cealna fil ard\u0131 revasiye en temide bihim ve cealna fiha ficacen subulen leallehum yehtedun.<\/li>\n\n\n\n<li>Ve cealnes semae sakfen mahfuza, ve hum an ayatiha mu\u2019ridun.<\/li>\n\n\n\n<li>Ve huvellezi halakal leyle ven nehare ve\u015f \u015femse vel kamer, kullun fi felekin yesbehun.<\/li>\n\n\n\n<li>Ve ma cealna li be\u015ferin min kablikel huld, e fe in mitte fe humul halidun.<\/li>\n\n\n\n<li>Kullu nefsin zaikatul mevt, ve neblukum bi\u015f \u015ferri vel hayri fitneh, ve ileyna turceun.<\/li>\n<\/ol>\n\n\n\n<figure class=\"wp-block-image size-full\"><img decoding=\"async\" width=\"999\" height=\"480\" src=\"https:\/\/elika.app\/hamile-kadin-bebek\/wp-content\/uploads\/2024\/12\/Enbiya-Suresi4.png\" alt=\"\" class=\"wp-image-5165\" srcset=\"https:\/\/elika.app\/hamile-kadin-bebek\/wp-content\/uploads\/2024\/12\/Enbiya-Suresi4.png 999w, https:\/\/elika.app\/hamile-kadin-bebek\/wp-content\/uploads\/2024\/12\/Enbiya-Suresi4-300x144.png 300w, https:\/\/elika.app\/hamile-kadin-bebek\/wp-content\/uploads\/2024\/12\/Enbiya-Suresi4-768x369.png 768w\" sizes=\"(max-width: 999px) 100vw, 999px\" \/><\/figure>\n\n\n\n<ol class=\"wp-block-list\">\n<li>Ve iza reakellezine keferu in yetteh\u0131zuneke illa huzuva, e hazellezi yezkuru alihetekum, ve hum bi zikrir rahmani hum kafirun.<\/li>\n\n\n\n<li>Hulikal insanu min acel, seurikum ayati fe la testa\u2019cilun.<\/li>\n\n\n\n<li>Ve yekulune meta hazel va\u2019du in kuntum sad\u0131kin.<\/li>\n\n\n\n<li>Lev ya\u2019lemullezine keferu hine la yekuffune an vucuhihimun nare ve la an zuhurihim ve la hum yunsarun.<\/li>\n\n\n\n<li>Bel te\u2019tihim bagteten fe tebhetuhum fe la yesteti\u2019une reddeha ve la hum yunzarun.<\/li>\n\n\n\n<li>Ve lekadistuhzie bi rusulin min kablike fe haka billezine seh\u0131ru minhum ma kanu bihi yestehziun.<\/li>\n\n\n\n<li>Kul men yekleukum bil leyli ven nehari miner rahman, bel hum an zikri rabbihim mu\u2019ridun.<\/li>\n\n\n\n<li>Em lehum alihetun temneuhum min dunina, la yestetiune nasre enfusihim ve la hum minna yushabun.<\/li>\n\n\n\n<li>Bel metta\u2019na haulai ve abaehum hatta tale aleyhimul umur, e fe la yerevne enna ne\u2019til arda nenkusuha min etrafiha, e fehumul galibun.<\/li>\n<\/ol>\n\n\n\n<figure class=\"wp-block-image size-full\"><img decoding=\"async\" width=\"1000\" height=\"485\" src=\"https:\/\/elika.app\/hamile-kadin-bebek\/wp-content\/uploads\/2024\/12\/Enbiya-Suresi5.png\" alt=\"\" class=\"wp-image-5166\" srcset=\"https:\/\/elika.app\/hamile-kadin-bebek\/wp-content\/uploads\/2024\/12\/Enbiya-Suresi5.png 1000w, https:\/\/elika.app\/hamile-kadin-bebek\/wp-content\/uploads\/2024\/12\/Enbiya-Suresi5-300x146.png 300w, https:\/\/elika.app\/hamile-kadin-bebek\/wp-content\/uploads\/2024\/12\/Enbiya-Suresi5-768x372.png 768w\" sizes=\"(max-width: 1000px) 100vw, 1000px\" \/><\/figure>\n\n\n\n<ol class=\"wp-block-list\">\n<li>Kul innema unzirukum bil vahyi ve la yesmeus summud duae iza ma yunzerun.<\/li>\n\n\n\n<li>Ve le in messethum nefhatun min azabi rabbike le yekulunne ya veylena inna kunna zalimin.<\/li>\n\n\n\n<li>Ve nedaul mevazinel k\u0131sta li yevmil k\u0131yameti fe la tuzlemu nefsun \u015fey\u2019a ve in kane miskale habbetin min hardelin eteyna biha, ve kefa bina hasibin.<\/li>\n\n\n\n<li>Ve lekad ateyna musa ve harunel furkane ve d\u0131yaen ve zikren lil muttekin.<\/li>\n\n\n\n<li>Ellezine yah\u015fevne rabbehum bil gaybi ve hum mines saati mu\u015ffikun.<\/li>\n\n\n\n<li>Ve haza zikrun mubarekun enzelnah, e fe entum lehu munkirun.<\/li>\n\n\n\n<li>Ve lekad ateyna ibrahime ru\u015fdehu min kablu ve kunna bihi alimin.<\/li>\n\n\n\n<li>\u0130z kale li ebihi ve kavmihi ma hazihit temasilulleti entum leha akifun.<\/li>\n\n\n\n<li>Kalu vecedna abaena leha abidin.<\/li>\n\n\n\n<li>Kale lekad kuntum entum ve abaukum fi dalalin mubin.<\/li>\n\n\n\n<li>Kalu e ci\u2019tena bil hakk\u0131 em ente minel la\u0131bin.<\/li>\n\n\n\n<li>Kale bel rabbukum rabbus semavati vel ard\u0131llezi fatarahunne ve ene ala zalikum mine\u015f \u015fahidin.<\/li>\n\n\n\n<li>Ve tallahi le ekidenne asnamekum ba\u2019de en tuvellu mudbirin.<\/li>\n<\/ol>\n\n\n\n<figure class=\"wp-block-image size-full\"><img decoding=\"async\" width=\"1001\" height=\"480\" src=\"https:\/\/elika.app\/hamile-kadin-bebek\/wp-content\/uploads\/2024\/12\/Enbiya-Suresi6.png\" alt=\"\" class=\"wp-image-5167\" srcset=\"https:\/\/elika.app\/hamile-kadin-bebek\/wp-content\/uploads\/2024\/12\/Enbiya-Suresi6.png 1001w, https:\/\/elika.app\/hamile-kadin-bebek\/wp-content\/uploads\/2024\/12\/Enbiya-Suresi6-300x144.png 300w, https:\/\/elika.app\/hamile-kadin-bebek\/wp-content\/uploads\/2024\/12\/Enbiya-Suresi6-768x368.png 768w\" sizes=\"(max-width: 1001px) 100vw, 1001px\" \/><\/figure>\n\n\n\n<ol class=\"wp-block-list\">\n<li>Fe cealehum cuzazen illa kebiren lehum leallehum ileyhi yerciun.<\/li>\n\n\n\n<li>Kalu men feale haza bi alihetina innehu le minez zalimin.<\/li>\n\n\n\n<li>Kalu semi\u2019na feten yezkuruhum yukalu lehu ibrahim.<\/li>\n\n\n\n<li>Kalu fe\u2019tu bihi ala a\u2019yunin nasi leallehum ye\u015fhedun.<\/li>\n\n\n\n<li>Kalu e ente fealte haza bi alihetina ya ibrahim.<\/li>\n\n\n\n<li>Kale bel fealehu kebiruhum haza fes\u2019eluhum in kanu yent\u0131kun.<\/li>\n\n\n\n<li>Fe receu ila enfusihim fe kalu innekum entumuz zalimun.<\/li>\n\n\n\n<li>Summe nukisu ala ruusihim, lekad alimte ma haulai yent\u0131kun.<\/li>\n\n\n\n<li>Kale e fe ta\u2019budune min dunillahi ma la yenfeukum \u015fey\u2019en ve la yadurrukum.<\/li>\n\n\n\n<li>Uffin lekum ve li ma ta\u2019budune min dunillah, e fe la ta\u2019k\u0131lun.<\/li>\n\n\n\n<li>Kalu harrikuhu vansuru alihetekum in kuntum fa\u0131lin.<\/li>\n\n\n\n<li>Kulna ya naru kuni berden ve selamen ala ibrahim.<\/li>\n\n\n\n<li>Ve eradu bihi keyden fe cealna humul ahserin.<\/li>\n\n\n\n<li>Ve necceynahu ve lutan ilel ard\u0131lleti barakna fiha lil alemin.<\/li>\n\n\n\n<li>Ve vehebna lehu ishak, ve ya\u2019kube nafileh, ve kullen cealna salihin.<\/li>\n<\/ol>\n\n\n\n<figure class=\"wp-block-image size-full\"><img decoding=\"async\" width=\"1000\" height=\"487\" src=\"https:\/\/elika.app\/hamile-kadin-bebek\/wp-content\/uploads\/2024\/12\/Enbiya-Suresi7.png\" alt=\"\" class=\"wp-image-5168\" srcset=\"https:\/\/elika.app\/hamile-kadin-bebek\/wp-content\/uploads\/2024\/12\/Enbiya-Suresi7.png 1000w, https:\/\/elika.app\/hamile-kadin-bebek\/wp-content\/uploads\/2024\/12\/Enbiya-Suresi7-300x146.png 300w, https:\/\/elika.app\/hamile-kadin-bebek\/wp-content\/uploads\/2024\/12\/Enbiya-Suresi7-768x374.png 768w\" sizes=\"(max-width: 1000px) 100vw, 1000px\" \/><\/figure>\n\n\n\n<ol class=\"wp-block-list\">\n<li>Ve cealnahum eimmeten yehdune bi emrina ve evhayna ileyhim fi\u2019lel hayrati ve ikames salati ve itaez zekah, ve kanu lena abidin.<\/li>\n\n\n\n<li>Ve lutan ateynahu hukmen ve \u0131lmen ve necceynahu minel karyetilleti kanet ta\u2019melul habais, innehum kanu kavme sev\u2019in fasikin.<\/li>\n\n\n\n<li>Ve edhalnahu fi rahmetina, innehu mines salihin.<\/li>\n\n\n\n<li>Ve nuhan iz nada min kablu festecebna lehu fe necceynahu ve ehlehu minel kerbil azim.<\/li>\n\n\n\n<li>Ve nasarnahu minel kavmillezine kezzebu bi ayatina, innehum kanu kavme sev\u2019in fe agraknahum ecmain.<\/li>\n\n\n\n<li>Ve davude ve suleymane iz yahkumani fil harsi iz nefe\u015fet fihi ganemul kavm, ve kunna li hukmihim \u015fahidin.<\/li>\n\n\n\n<li>Fe fehhemnaha suleyman, ve kullen ateyna hukmen ve \u0131lmen ve sehharna mea davudel cibale yusebbihne vet tayr, ve kunna fa\u0131lin.<\/li>\n\n\n\n<li>Ve allemnahu san\u2019ate lebusin lekum li tuhs\u0131nekum min be\u2019sikum, fe hel entum \u015fakirun.<\/li>\n\n\n\n<li>Ve li suleymaner riha as\u0131feten tecri bi emrihi ilel ard\u0131lleti barekna fiha ve kunna bi kulli \u015fey\u2019in alimin.<\/li>\n<\/ol>\n\n\n\n<figure class=\"wp-block-image size-full\"><img decoding=\"async\" width=\"991\" height=\"482\" src=\"https:\/\/elika.app\/hamile-kadin-bebek\/wp-content\/uploads\/2024\/12\/Enbiya-Suresi8.png\" alt=\"\" class=\"wp-image-5169\" srcset=\"https:\/\/elika.app\/hamile-kadin-bebek\/wp-content\/uploads\/2024\/12\/Enbiya-Suresi8.png 991w, https:\/\/elika.app\/hamile-kadin-bebek\/wp-content\/uploads\/2024\/12\/Enbiya-Suresi8-300x146.png 300w, https:\/\/elika.app\/hamile-kadin-bebek\/wp-content\/uploads\/2024\/12\/Enbiya-Suresi8-768x374.png 768w\" sizes=\"(max-width: 991px) 100vw, 991px\" \/><\/figure>\n\n\n\n<ol class=\"wp-block-list\">\n<li>Ve mine\u015f \u015feyatini men yegusune lehu ve ya\u2019melune amelen dune zalik, ve kunna lehum haf\u0131zin.<\/li>\n\n\n\n<li>Ve eyyube iz nada rabbehu enni messeniyed durru ve ente erhamur rahimin.<\/li>\n\n\n\n<li>Festecebna lehu fe ke\u015fefna ma bihi min durrin ve ateynahu ehlehu ve mislehum meahum rahmeten min \u0131ndina ve zikra lil abidin.<\/li>\n\n\n\n<li>Ve ismaile ve idrise ve zelkifl, kullun mines sabirin.<\/li>\n\n\n\n<li>Ve edhalnahum fi rahmetina, innehum mines salihin.<\/li>\n\n\n\n<li>Ve zennuni iz zehebe mugad\u0131ben fe zanne en len nakdire aleyhi fe nada fiz zulumati en la ilahe illa ente subhaneke inni kuntu minez zalimin.<\/li>\n\n\n\n<li>Festecebna lehu ve necceynahu minel gamm, ve kezalike nuncil mu\u2019minin.<\/li>\n\n\n\n<li>Ve zekeriyya iz nada rabbehu rabbi la tezerni ferden ve ente hayrul varisin.<\/li>\n\n\n\n<li>Festecebna leh, ve vehebna lehu yahya ve aslahna lehu zevceh, innehum kanu yusariune fil hayrati ve yed\u2019unena regaben ve reheba, ve kanu lena ha\u015fiin.<\/li>\n<\/ol>\n\n\n\n<figure class=\"wp-block-image size-full\"><img decoding=\"async\" width=\"999\" height=\"417\" src=\"https:\/\/elika.app\/hamile-kadin-bebek\/wp-content\/uploads\/2024\/12\/Enbiya-Suresi9.png\" alt=\"\" class=\"wp-image-5170\" srcset=\"https:\/\/elika.app\/hamile-kadin-bebek\/wp-content\/uploads\/2024\/12\/Enbiya-Suresi9.png 999w, https:\/\/elika.app\/hamile-kadin-bebek\/wp-content\/uploads\/2024\/12\/Enbiya-Suresi9-300x125.png 300w, https:\/\/elika.app\/hamile-kadin-bebek\/wp-content\/uploads\/2024\/12\/Enbiya-Suresi9-768x321.png 768w\" sizes=\"(max-width: 999px) 100vw, 999px\" \/><\/figure>\n\n\n\n<ol class=\"wp-block-list\">\n<li>Velleti ahsanet ferceha fe nefahna fiha min ruhina ve cealnaha vebneha ayeten lil alemin.<\/li>\n\n\n\n<li>\u0130nne hazihi ummetukum ummeten vah\u0131deten ve ene rabbukum fa\u2019budun.<\/li>\n\n\n\n<li>Ve tekattau emrehum beynehum, kullun ileyna raciun.<\/li>\n\n\n\n<li>Fe men ya\u2019mel mines salihati ve huve mu\u2019minun fe la kufrane li sa\u2019yih, ve inna lehu katibun.<\/li>\n\n\n\n<li>Ve haramun ala karyetin ehleknaha ennehum la yerciun.<\/li>\n\n\n\n<li>Hatta iza futihat ye\u2019cucu ve me\u2019cucu ve hum min kulli hadebin yensilun.<\/li>\n\n\n\n<li>Vakterabel va\u2019dul hakku fe iza hiye \u015fah\u0131satun ebsarullezine keferu, ya veylena kad kunna fi gafletin min haza bel kunna zalimin.<\/li>\n\n\n\n<li>\u0130nnekum ve ma ta\u2019budune min dunillahi hasabu cehennem, entum leha varidun.<\/li>\n\n\n\n<li>Lev kane haulai aliheten ma veraduha, ve kullun fiha halidun.<\/li>\n\n\n\n<li>Lehum fiha zefirun ve hum fiha la yesmeun.<\/li>\n\n\n\n<li>\u0130nnellezine sebekat lehum minnel husna ulaike anha mub\u2019adun.<\/li>\n<\/ol>\n\n\n\n<figure class=\"wp-block-image size-full\"><img decoding=\"async\" width=\"996\" height=\"401\" src=\"https:\/\/elika.app\/hamile-kadin-bebek\/wp-content\/uploads\/2024\/12\/Enbiya-Suresi10.png\" alt=\"\" class=\"wp-image-5171\" srcset=\"https:\/\/elika.app\/hamile-kadin-bebek\/wp-content\/uploads\/2024\/12\/Enbiya-Suresi10.png 996w, https:\/\/elika.app\/hamile-kadin-bebek\/wp-content\/uploads\/2024\/12\/Enbiya-Suresi10-300x121.png 300w, https:\/\/elika.app\/hamile-kadin-bebek\/wp-content\/uploads\/2024\/12\/Enbiya-Suresi10-768x309.png 768w\" sizes=\"(max-width: 996px) 100vw, 996px\" \/><\/figure>\n\n\n\n<ol class=\"wp-block-list\">\n<li>La yesme\u2019une hasiseha, ve hum fi me\u015ftehet enfusuhum halidun.<\/li>\n\n\n\n<li>La yahzunuhumul fezeul ekberu ve tetelakkahumul melaikeh, haza yevmukumullezi kuntum tuadun.<\/li>\n\n\n\n<li>Yevme natvis semae ke tayyis sicilli lil kutub, kema bede\u2019na evvele halk\u0131n nuiduh, va\u2019den aleyna, inna kunna fa\u0131lin.<\/li>\n\n\n\n<li>Ve lekad ketebna fiz zeburi min ba\u2019diz zikri ennel arda yerisuha \u0131badiyes salihun.<\/li>\n\n\n\n<li>\u0130nne fi haza le belagan li kavmin abidin.<\/li>\n\n\n\n<li>Ve ma erselnake illa rahmeten lil alemin.<\/li>\n\n\n\n<li>Kul innema yuha ileyye ennema ilahukum ilahun vahid, fe hel entum muslimun.<\/li>\n\n\n\n<li>Fe in tevellev fe kul azentukum ala seva\u2019, ve in edri e karibun em baidun ma tuadun.<\/li>\n\n\n\n<li>\u0130nnehu ya\u2019lemul cehre minel kavli ve ya\u2019lemu ma tektumun.<\/li>\n\n\n\n<li>Ve in edri leallehu fitnetun lekum ve metaun ila hin.<\/li>\n\n\n\n<li>Kale rabb\u0131hkum bil hakk, ve rabbuner rahmanul musteanu ala ma tas\u0131fun.<\/li>\n<\/ol>\n","protected":false},"excerpt":{"rendered":"<p>Rivayetlere g\u00f6re, 70 bin\u00a0\u201cSubhanellahi ve bihamdihi&#8221;\u00a0okunursa \u00e7ocuk salih olur, ilk d\u00f6rt ay i\u00e7inde okunmas\u0131 tavsiye edilir. Araf suresinin 189. ayeti farz namazlardan sonra okunabilir. G\u00fczel ahlakl\u0131 olmas\u0131 i\u00e7in her g\u00fcn\u00a0Enbiya suresi\u00a0okunabilir. Yine hay\u0131rl\u0131 bir evlat i\u00e7in g\u00fcnde 1 defa Yasin-i \u015ferif okunabilir. G\u00fcnl\u00fck olarak\u00a01 defa Meryem, \u0130brahim ve Al-i \u0130mran suresi\u00a0okunabilir. Ayr\u0131ca tesbih olarak 70 [&hellip;]<\/p>\n","protected":false},"author":2,"featured_media":0,"parent":0,"menu_order":0,"comment_status":"closed","ping_status":"closed","template":"","meta":{"footnotes":""},"class_list":["post-5161","page","type-page","status-publish","hentry"],"_links":{"self":[{"href":"https:\/\/elika.app\/hamile-kadin-bebek\/wp-json\/wp\/v2\/pages\/5161","targetHints":{"allow":["GET"]}}],"collection":[{"href":"https:\/\/elika.app\/hamile-kadin-bebek\/wp-json\/wp\/v2\/pages"}],"about":[{"href":"https:\/\/elika.app\/hamile-kadin-bebek\/wp-json\/wp\/v2\/types\/page"}],"author":[{"embeddable":true,"href":"https:\/\/elika.app\/hamile-kadin-bebek\/wp-json\/wp\/v2\/users\/2"}],"replies":[{"embeddable":true,"href":"https:\/\/elika.app\/hamile-kadin-bebek\/wp-json\/wp\/v2\/comments?post=5161"}],"version-history":[{"count":2,"href":"https:\/\/elika.app\/hamile-kadin-bebek\/wp-json\/wp\/v2\/pages\/5161\/revisions"}],"predecessor-version":[{"id":5175,"href":"https:\/\/elika.app\/hamile-kadin-bebek\/wp-json\/wp\/v2\/pages\/5161\/revisions\/5175"}],"wp:attachment":[{"href":"https:\/\/elika.app\/hamile-kadin-bebek\/wp-json\/wp\/v2\/media?parent=5161"}],"curies":[{"name":"wp","href":"https:\/\/api.w.org\/{rel}","templated":true}]}}